

{"id":140363,"date":"2022-05-19T12:28:46","date_gmt":"2022-05-19T17:28:46","guid":{"rendered":"https:\/\/attra.ncat.org\/carlos-vences\/"},"modified":"2022-05-19T12:28:46","modified_gmt":"2022-05-19T17:28:46","slug":"carlos-vences","status":"publish","type":"page","link":"https:\/\/attra.ncat.org\/es\/carlos-vences\/","title":{"rendered":"Carlos Vences"},"content":{"rendered":"<h3><img loading=\"lazy\" decoding=\"async\" src=\"https:\/\/attra.ncat.org\/wp-content\/uploads\/2021\/07\/carlos-vences350x350-300x300.jpg\" alt=\"\" width=\"300\" height=\"300\" class=\"alignright size-medium wp-image-93427\"><br \/>\nAsistente de Proyectos SARC<br \/>\nOficina Regional Sureste<\/h3>\n<p><strong>\u00c1reas tem\u00e1ticas:<\/strong><br \/>\nPlanificaci\u00f3n empresarial, Equidad alimentaria, Ganader\u00eda, Alimentos locales<\/p>\n<p><strong>\u00c1reas espec\u00edficas de especializaci\u00f3n<\/strong><br \/>\nPeque\u00f1os rumiantes (cabras lecheras), aves de corral, econom\u00edas alimentarias locales, acceso a los alimentos<\/p>\n<p>Mientras obten\u00eda su licenciatura en Negocios Agr\u00edcolas en la Universidad Estatal de Texas, Carlos se interes\u00f3 en las pr\u00e1cticas agr\u00edcolas sostenibles. Se uni\u00f3 a Farmshare Austin para obtener exposici\u00f3n a estos m\u00e9todos y aprender m\u00e1s sobre los sistemas alimentarios locales, el acceso a los alimentos y la preservaci\u00f3n de la tierra. Como Gerente de Programa con Farmshare, Carlos abord\u00f3 la inseguridad alimentaria en el centro de Texas al ofrecer f\u00e1cil acceso a<br \/>\nproductos de origen local. Personalmente, ha operado una peque\u00f1a empresa, ha explorado diferentes proyectos de agricultura de pasatiempos y ahora cr\u00eda un peque\u00f1o reba\u00f1o de cabras lecheras en el noroeste de Arkansas.<\/p>\n<p><strong>Educaci\u00f3n:<\/strong><br \/>\nLicenciatura en Ciencias- Negocios Agr\u00edcolas<\/p>\n<p><strong>Otra experiencia:<\/strong><\/p>\n<p>Gerente de programa, agosto 2020-junio 2021. Farmshare Austin,<br \/>\nAustin, TX. Operaciones apoyadas con coordinaci\u00f3n de distribuci\u00f3n,<br \/>\ngesti\u00f3n de flotas, adquisiciones y documentaci\u00f3n oficial.<\/p>\n<p>Coordinador de Acceso a Alimentos\/Mercado M\u00f3vil, septiembre<br \/>\n2019-Agosto 2020. Farmshare Austin, Austin, TX.<br \/>\nApoyo e implementaci\u00f3n de programas de acceso a alimentos.<\/p>\n<p>&nbsp;<\/p>\n<p><a class=\"qbutton\" href=\"https:\/\/attra.ncat.org\/es\/acerca-de\/nuestro-personal\/\">Volver a la p\u00e1gina del personal<\/a><\/p>\n<p>&nbsp;<\/p>\n","protected":false},"excerpt":{"rendered":"<p>Asistente de Proyectos SARC Oficina Regional Sureste \u00c1reas tem\u00e1ticas: Planificaci\u00f3n empresarial, Equidad alimentaria, Ganader\u00eda, Alimentos locales \u00c1reas espec\u00edficas de especializaci\u00f3n Peque\u00f1os rumiantes (cabras lecheras), aves de corral, econom\u00edas alimentarias locales, [&hellip;]<\/p>\n","protected":false},"author":1,"featured_media":0,"parent":0,"menu_order":0,"comment_status":"closed","ping_status":"closed","template":"","meta":{"_acf_changed":false,"_price":"","_stock":"","_tribe_ticket_header":"","_tribe_default_ticket_provider":"","_tribe_ticket_capacity":"0","_ticket_start_date":"","_ticket_end_date":"","_tribe_ticket_show_description":"","_tribe_ticket_show_not_going":false,"_tribe_ticket_use_global_stock":"","_tribe_ticket_global_stock_level":"","_global_stock_mode":"","_global_stock_cap":"","_tribe_rsvp_for_event":"","_tribe_ticket_going_count":"","_tribe_ticket_not_going_count":"","_tribe_tickets_list":"[]","_tribe_ticket_has_attendee_info_fields":false,"footnotes":"","beyondwords_generate_audio":"","beyondwords_integration_method":"","beyondwords_project_id":"","beyondwords_content_id":"","beyondwords_preview_token":"","beyondwords_player_content":"","beyondwords_player_style":"","beyondwords_language_code":"","beyondwords_language_id":"","beyondwords_title_voice_id":"","beyondwords_body_voice_id":"","beyondwords_summary_voice_id":"","beyondwords_error_message":"","beyondwords_disabled":"","beyondwords_delete_content":"","beyondwords_podcast_id":"","beyondwords_hash":"","publish_post_to_speechkit":"","speechkit_hash":"","speechkit_generate_audio":"","speechkit_project_id":"","speechkit_podcast_id":"","speechkit_error_message":"","speechkit_disabled":"","speechkit_access_key":"","speechkit_error":"","speechkit_info":"","speechkit_response":"","speechkit_retries":"","speechkit_status":"","speechkit_updated_at":"","_speechkit_link":"","_speechkit_text":"","_tec_slr_enabled":"","_tec_slr_layout":""},"categories":[],"tags":[],"class_list":["post-140363","page","type-page","status-publish","hentry"],"acf":[],"publishpress_future_workflow_manual_trigger":{"enabledWorkflows":[]},"distributor_meta":false,"distributor_terms":false,"distributor_media":false,"distributor_original_site_name":"ATTRA - Agricultura Sustentable","distributor_original_site_url":"https:\/\/attra.ncat.org\/es\/","push-errors":false,"ticketed":false,"_links":{"self":[{"href":"https:\/\/attra.ncat.org\/es\/wp-json\/wp\/v2\/pages\/140363","targetHints":{"allow":["GET"]}}],"collection":[{"href":"https:\/\/attra.ncat.org\/es\/wp-json\/wp\/v2\/pages"}],"about":[{"href":"https:\/\/attra.ncat.org\/es\/wp-json\/wp\/v2\/types\/page"}],"author":[{"embeddable":true,"href":"https:\/\/attra.ncat.org\/es\/wp-json\/wp\/v2\/users\/1"}],"replies":[{"embeddable":true,"href":"https:\/\/attra.ncat.org\/es\/wp-json\/wp\/v2\/comments?post=140363"}],"version-history":[{"count":0,"href":"https:\/\/attra.ncat.org\/es\/wp-json\/wp\/v2\/pages\/140363\/revisions"}],"wp:attachment":[{"href":"https:\/\/attra.ncat.org\/es\/wp-json\/wp\/v2\/media?parent=140363"}],"wp:term":[{"taxonomy":"category","embeddable":true,"href":"https:\/\/attra.ncat.org\/es\/wp-json\/wp\/v2\/categories?post=140363"},{"taxonomy":"post_tag","embeddable":true,"href":"https:\/\/attra.ncat.org\/es\/wp-json\/wp\/v2\/tags?post=140363"}],"curies":[{"name":"wp","href":"https:\/\/api.w.org\/{rel}","templated":true}]}}

<h3><img loading="lazy" decoding="async" src="https://attra.ncat.org/wp-content/uploads/2021/07/carlos-vences350x350-300x300.jpg" alt="" width="300" height="300" class="alignright size-medium wp-image-93427"><br />
Asistente de Proyectos SARC<br />
Oficina Regional Sureste</h3>
<p><strong>Áreas temáticas:</strong><br />
Planificación empresarial, Equidad alimentaria, Ganadería, Alimentos locales</p>
<p><strong>Áreas específicas de especialización</strong><br />
Pequeños rumiantes (cabras lecheras), aves de corral, economías alimentarias locales, acceso a los alimentos</p>
<p>Mientras obtenía su licenciatura en Negocios Agrícolas en la Universidad Estatal de Texas, Carlos se interesó en las prácticas agrícolas sostenibles. Se unió a Farmshare Austin para obtener exposición a estos métodos y aprender más sobre los sistemas alimentarios locales, el acceso a los alimentos y la preservación de la tierra. Como Gerente de Programa con Farmshare, Carlos abordó la inseguridad alimentaria en el centro de Texas al ofrecer fácil acceso a<br />
productos de origen local. Personalmente, ha operado una pequeña empresa, ha explorado diferentes proyectos de agricultura de pasatiempos y ahora cría un pequeño rebaño de cabras lecheras en el noroeste de Arkansas.</p>
<p><strong>Educación:</strong><br />
Licenciatura en Ciencias- Negocios Agrícolas</p>
<p><strong>Otra experiencia:</strong></p>
<p>Gerente de programa, agosto 2020-junio 2021. Farmshare Austin,<br />
Austin, TX. Operaciones apoyadas con coordinación de distribución,<br />
gestión de flotas, adquisiciones y documentación oficial.</p>
<p>Coordinador de Acceso a Alimentos/Mercado Móvil, septiembre<br />
2019-Agosto 2020. Farmshare Austin, Austin, TX.<br />
Apoyo e implementación de programas de acceso a alimentos.</p>
<p>&nbsp;</p>
<p><a class="qbutton" href="https://attra.ncat.org/es/acerca-de/nuestro-personal/">Volver a la página del personal</a></p>
<p>&nbsp;</p>

<p>Asistente de Proyectos SARC Oficina Regional Sureste Áreas temáticas: Planificación empresarial, Equidad alimentaria, Ganadería, Alimentos locales Áreas específicas de especialización Pequeños rumiantes (cabras lecheras), aves de corral, economías alimentarias locales, [&hellip;]</p>
